r when (-6)/8*-10*2 is divided by h.
3
Let k = -1077 + 1225. Calculate the remainder when k is divided by 56.
36
Let v(n) = n**3 + 9*n**2 - 4*n - 38. Suppose 0 = -d + 13 + 5. What is the remainder when v(-7) is divided by d?
16
Let w(s) = 2*s - 6. Let i be w(3). Suppose 2*l - y - 8 = -i*y, y = 5*l - 23. What is the remainder when 4/14 + 192/14 is divided by l?
4
Suppose 0 = -0*k - k - 16. Let r = -17 - k. What is the remainder when 57 is divided by (-100)/(-5) - (r - -1)?
17
Let q(b) = -b. Let i be q(0). Suppose 5*s = -i*s + 160. Let x = -13 + s. What is the remainder when x is divided by 10?
9
Let l(p) = p**2 - 6*p + 2. Let g = -10 - -21. What is the remainder when g is divided by l(0)?
1
Let i(n) = n + 19. Let k be (-7)/((-14)/(-12))*(-3)/9. What is the remainder when i(0) is divided by (-2)/(6/9) - (k + -10)?
4
Suppose 395 = 33*k + 65. What is the remainder when 626 is divided by k?
6
Let p be (-10)/(-25)*(1 + 9). Calculate the remainder when (-2 - -1 - -3) + 28 is divided by 24/(6/p + 0).
14
Suppose 30 + 146 = -4*q. Let j = -31 - q. Calculate the remainder when 61 - (1 + 5) - -7 is divided by j.
10
Let w = -52 - -359. Calculate the remainder when w is divided by 28.
27
Let z(i) = -26*i**2 - 133*i + 4. Calculate the remainder when (2 + (-16)/6)*-81 is divided by z(-5).
16
Let c(s) = s**2 + 3*s - 2. Let t = -21 - 21. Let i = 71 + t. What is the remainder when i is divided by c(-6)?
13
Let d(m) = -18*m - 3. Let l(t) = 4*t - 54. What is the remainder when d(-5) is divided by l(19)?
21
Let s = 397 - 147. Suppose -s = -4*g + 186. Calculate the remainder when g is divided by 22.
21
Let i(o) = 11*o**2 - 11*o - 1. What is the remainder when i(4) is divided by 23?
16
Suppose n - 5 = 0, 6*n + 3508 = 4*w + 2*n. What is the remainder when w is divided by 17?
15
Let q(k) = 5*k**2 + 5*k + 9. Let j be q(-4). Let s = j - 29. What is the remainder when 79 is divided by s?
39
Calculate the remainder when 447 is divided by (((-360)/(-14))/(-18))/((-2)/42).
27
Let d = 24 + 0. Calculate the remainder when 41 is divided by 5/(-4 + 116/d).
5
Let m be 24/(-84) - 16/(-7). Suppose 5*v - 129 = -3*y, 2*y - 3*y + 32 = -m*v. What is the remainder when 151 is divided by y?
37
What is the remainder when (-13 + 9)/(5/((-635)/4)) is divided by 32?
31
Let y(k) = k**2 - 15*k - 44. What is the remainder when y(-4) is divided by 18?
14
Suppose 234 = 31*z - 1223. Suppose -5*s + 80 = -t, 7*t = -s + 3*t + 16. Calculate the remainder when z is divided by s.
15
Suppose -s + 37*i + 67 = 41*i, -2*i + 241 = 3*s. What is the remainder when 309 is divided by s?
60
Let p = -319 + 359. What is the remainder when p is divided by 7?
5
Let q = -17 + 80. What is the remainder when q is divided by 18?
9
Suppose 0*j + 4*j - 44 = 0. Suppose -j*f = -8*f - 150. What is the remainder when (-140)/f*(-5)/2 is divided by 2?
1
Let g = 156 - 115. What is the remainder when 121 is divided by g?
39
Suppose -4*m + 1655 - 7 = 0. What is the remainder when m is divided by 84?
76
Let f(b) = -27*b + 27. Let m be f(12). Let r be (4/(-6))/(18/m). Let p(h) = -h**3 + 12*h**2 - 11*h + 10. What is the remainder when p(r) is divided by 3?
1
Suppose -43*m - 1247 = -86*m. Calculate the remainder when m is divided by 4.
1
What is the remainder when (-4 + (-28)/(-6))/(1/123) is divided by 14?
12
Suppose 0*t - 2*q = t - 34, t - 3*q - 54 = 0. Calculate the remainder when 1299 is divided by t.
39
Suppose -2*b - 4*x + 6 = -8*x, -5*b - 2*x - 33 = 0. Let k(h) = 2*h**2 + 2. What is the remainder when 101 is divided by k(b)?
49
Suppose -3*x = -34*t + 31*t + 156, 0 = -5*t - 2*x + 288. Calculate the remainder when 892 is divided by t.
52
Suppose -66 = -7*h + 95. What is the remainder when h is divided by 12?
11
Let w = 33 + -14. Calculate the remainder when 32 is divided by w.
13
Suppose 6*h = 2*h - 4, t - 5*h + 95 = 0. Let s = t + 190. Let i = s - 37. Calculate the remainder when i is divided by 14.
11
Suppose -5*a = -25 + 10, 1365 = 3*v - 3*a. What is the remainder when v is divided by 145?
23
Let t = 64 - -5. Suppose 3*k - 25 - 11 = -3*a, 5*a - 4*k = t. Calculate the remainder when a is divided by 7.
6
Let o(a) = -35*a**3 + 76*a**3 - 12*a - 6*a**2 - 40*a**3 + 2*a. Calculate the remainder when o(8) is divided by 13.
9
Let c = 13 - -2. Let y(w) = w**3 - 17*w**2 + 30*w + 7. Calculate the remainder when 13 is divided by y(c).
6
Let n be (23 - 23)*(-1 + 0). Suppose -26*f + 32*f - 1332 = n. Calculate the remainder when f is divided by 45.
42
Let u(s) = 7*s**2 + 3 - 6 - s + 2. Let b be 2 + 0 - 0/(-13). Calculate the remainder when 47 is divided by u(b).
22
Suppose 5*n - 134 = -14. Suppose 2*i - n = -2. What is the remainder when 41 is divided by i?
8
Let t(h) = h**3 + 2*h**2 - 10*h + 4. Let p be 7 + (-1 - 0) - 2. Suppose 92 = p*d - 0*d. Calculate the remainder when d is divided by t(-4).
11
Let w be ((-56)/16)/(2/(-4)). Let k be (-3)/(-12) + (-142)/(-8). Let u = w + k. Calculate the remainder when u is divided by 9.
7
Suppose 0 = 2*x + 9 - 13. Suppose -2*a - 4*p = x, 2*p = 3*a + 5*p - 3. What is the remainder when 8 is divided by a?
2
Let l(v) = -v**2 - 11*v + 10. Let m = -18 + 11. Let i = 34 - 24. What is the remainder when l(m) is divided by i?
8
Let z = 22 + 81. Let x = 86 + -25. Let j = -35 + x. Calculate the remainder when z is divided by j.
25
Let z(d) = -6*d + 27. Let t(f) = 8*f - 28. Let l(r) = 2*t(r) + 3*z(r). What is the remainder when 21 is divided by l(6)?
8
Let f = -607 + 644. Calculate the remainder when 41 is divided by f.
4
Let v(t) = -t**3 + 11*t**2 + 11*t - 9. Let u be v(9). Calculate the remainder when (-470)/(-9) - (-8)/u*-7 is divided by 14.
10
Let y(n) = 120*n - 31. Calculate the remainder when y(1) is divided by 19.
13
Let h(a) = -3*a**2 - 20*a - 6. Calculate the remainder when 143 is divided by h(-5).
10
Let c = -145 - -190. What is the remainder when 134 is divided by c?
44
Let j(g) = 7*g**2 - 71*g + 15. Let p(y) = -3*y + 34. Calculate the remainder when p(7) is divided by j(10).
3
Let v be 8/(-1 + 3)*(-1 - -2). Suppose 3*x = 4*z - 9*z + 121, 4*z = -x + 94. Calculate the remainder when z is divided by 17/(-34) + 54/v.
10
Let y = 3 + 2. Let r(b) = -6 + b + y*b**2 + 2 + 7 - 4. What is the remainder when r(-3) is divided by 11?
8
Suppose -2*a - 8 = -14. Suppose -a*k + 29 = -58. What is the remainder when 201 is divided by k?
27
Suppose -5*q - 22 - 18 = 0. What is the remainder when (806/(-44) + q/44)*-2 is divided by 8?
5
Suppose -56*o + 93*o = -90*o + 15494. Calculate the remainder when o is divided by 4/(-14) - 657/(-21).
29
Let j be 2/4 + (-77)/(-14). Suppose j*q - 15 = 3*q. Suppose q*p = 10*p - 55. What is the remainder when 41 is divided by p?
8
What is the remainder when (-20)/(-30) - 1376/(-6) is divided by 16?
6
Suppose -381 - 1164 = -15*d. What is the remainder when d is divided by 35?
33
Suppose f + 2*z - 706 = -2*f, -3*f = -5*z - 734. Calculate the remainder when f is divided by 40.
38
Let d(o) = o**3 + 9*o**2 + 9*o - 1. Suppose -4*w + 5*x + 23 = 0, 0 = 2*w + x - 4*x - 9. Calculate the remainder when d(-7) is divided by w.
10
What is the remainder when (115/(-15) - -6)*-201 is divided by 48?
47
Suppose 3*c - 304 = -4*u + 97, 3*u - 268 = -2*c. Suppose 6*q - 1 - c = 0. Calculate the remainder when 63 is divided by q.
19
Calculate the remainder when 1*-1*(-1 - 2) is divided by 0 + (-1)/(-8) + 45/24.
1
Let k = 269 - 147. Let q = k + -83. Calculate the remainder when q is divided by 14.
11
What is the remainder when (29 + 229)*(-1)/6*-3 is divided by 11?
8
Suppose 3*r + 198 = 3*o - 81, -o - r = -97. Suppose -2*m + 4*d + 12 = -0*m, 0 = -5*m - 4*d + 100. Calculate the remainder when o is divided by m.
15
Suppose -181*y + 162*y = -4484. What is the remainder when y is divided by 6?
2
Suppose 88 + 2 = 3*a. Calculate the remainder when 204 is divided by a.
24
Let o = 193 + -131. Suppose -o + 254 = 4*n. Suppose 603 - 178 = 25*w. What is the remainder when n is divided by w?
14
Let m(u) = 27*u - 60. Let f be m(-5). Let h = -155 - f. Calculate the remainder when h is divided by 25.
15
Let z(n) be the third derivative of -12*n**2 + 0*n + 1/2*n**3 - 5/8*n**4 - 1/30*n**5 + 0. Calculate the remainder when z(-7) is divided by 4.
2
Let v(i) = i**3 - 5*i**2 + i - 5. Let a be v(5). Suppose 0 = 4*n - s - a*s - 80, 4 = -